102
Evaluate 11 - (-1 + 1 + (-29 + -15 - -41)).
14
Evaluate 36 - (2 + -10 + -339 + 369).
14
What is the value of (16 - (-11 - -8)) + 34 + -52?
1
Calculate (24 - 15) + -5 + (0 - -2) + 7.
13
What is the value of (26 - -71) + -73 - (-1 - (1 + 2))?
28
What is -27 + (-2 - 17 - (174 - 205))?
-15
Evaluate 29 - (51 + -16) - (6 + (-4 - 8)).
0
What is the value of 8 + 6 + (-2 + -21 + -49 - 11)?
-69
Calculate 35 - (-40 + (107 - 54)).
22
Evaluate (66 - (-37 - -18 - -18) - (-2 + -5)) + -6.
68
What is (-93 - (86 - 170)) + (1 - -29)?
21
What is 44 - (15 - (-5 + 8)) - 11?
21
6 + (-3 - (18 + -29)) + (-1 - 0 - -9)
22
Evaluate -6753 - -6740 - (-44 - (5 + -2)).
34
What is the value of 35 - (-37 + -10 + 32 + -2 + 4 + 7)?
41
What is the value of (-1 + 1 - (2 + -12 + 1)) + (-62 - -40)?
-13
Calculate 26 + 6 + -1 + (-97 - -74) - (-37 + -1).
46
What is the value of -80 + 108 + (3 - -68)?
99
What is (22 - 0) + -60 + (38 - -17)?
17
Calculate 60 + -61 - (1 - -2 - 3).
-1
(-10 - (8 + -4)) + (8 - -4)
-2
What is the value of (-16 + 7 - 48) + (-284 - -281)?
-60
Calculate -7 - ((-43 - (-2 + -14)) + 13) - (26 + 0).
-19
Calculate -25 + 39 + -92 + 43.
-35
What is 10 - ((1 - (45 + 6)) + 20)?
40
(86 - (-95 - -19)) + -73
89
Evaluate (54 - -3) + 5 + (-1 - 13).
48
27 - (29 - 24) - 13 - 4
5
Calculate (0 - 64 - (-12 - -53 - 40)) + 37 + -24.
-52
Evaluate -75 - 8 - -55 - -27.
-1
What is -30 + (4 + -4 - (1 - -19))?
-50
What is the value of -22 - -21 - ((-11 + -34 - 15) + -1 + 6)?
54
(-94 - -167) + -13 + -141
-81
Evaluate -23 + (-5 - -34) - 23.
-17
Evaluate -6 + (15 - 9) + (-27 - -36) + 1.
10
Calculate 19 - (25 - (33 - 44)) - (-5 - 2).
-10
-13 + (-39 - 7) + (23 - 2) + -26
-64
Evaluate 13 - (13 - ((-5 - -12) + -55 + 36)).
-12
What is the value of 5 - (1 + 33 + -26 + 24 + 17)?
-44
What is the value of 295 + -397 - (-14 + 0)?
-88
What is 2 + 21 + (-21 + 32 + -27 - -5)?
12
Evaluate (-5 + -1 - (18 - (-19 + (21 - 6)))) + 2.
-26
What is (-125 - (-36 - 77)) + -3 + 0 + 132?
117
What is the value of 1 + -77 + 9 + -9 + 29?
-47
Evaluate (0 - (48 + -1)) + -128 + 73 + -7 + 67.
-42
What is the value of (-38 + 25 + 5 - (-1 + 6)) + (-21 - -7)?
-27
What is the value of (123 - 45) + 1 + 28 + -37?
70
Calculate -3 - 21 - ((-5 + 9 + -23 - -33) + -20).
-18
What is -9 + (-24 - (-12 + 1) - -21) + -82 + -3?
-86
What is the value of -9 - -18 - (-43 + 22 + 20 + (-8 - 1))?
19
Evaluate (-82 - -34) + (10 - (3 + 9) - 8).
-58
Evaluate 13 + ((-3 - (6 + 2)) + -1 - (-2048 - -2147)).
-98
What is -20 - (14 + (11 + (11 - 4) + -11 - 10))?
-31
What is the value of -1 + 12 + (-42 - (0 + 1)) + -17?
-49
-22 + -52 + 35 - (16 - 29)
-26
What is (-11 - (10 - 26)) + (4 - (3 + -2))?
8
(14 - 1 - 24 - 0) + -23
-34
Calculate 3781 - 3821 - (22 - (-4 - -7)).
-59
Evaluate (0 + -4 - -81) + (153 - 136).
94
Calculate (15 + 8 - (0 + -15)) + -15.
23
(1 - -1) + (25 - (8 - 10))
29
(-143 - -143) + (-2 + 4 - 16)
-14
What is -92 + -23 + 8 + -11 + (-4 - -13) + 5?
-104
What is the value of (63 + -27 + -25 - (111 + 3)) + (2 - -5)?
-96
What is (23 - 2 - 33) + -27?
-39
What is the value of (-3 - -13) + -20 - ((3 - 3 - -10) + -2)?
-18
Evaluate 5495 + -5469 - (2 - 0 - -9).
15
Calculate -11 + (27 - 32) + (-1 - 0) + -64 + 10.
-71
What is the value of (89 - -3) + -34 + (-93 - -106)?
71
-6 + 113 - 102 - (-13 - 1)
19
Calculate 101 - ((-13 - 0) + 1 + (-81 - -16) + 70).
108
Evaluate 2 + -14 + 13 + -16 - (-6 - -4).
-13
What is the value of 21 + (303 + -321 - (-55 - -3))?
55
What is (3 - (2 - 30) - 2) + (-33 - -24 - -5)?
25
-91 - (-28 + 136 + -227)
28
What is 14 + -23 + (35 - 0)?
26
What is 17 - -7 - (21 - (72 + -15))?
60
Calculate -53 + 51 + 49 + (-5 - (4 - 6)) - 4.
40
What is 1 + -17 + (106 - 15 - (-11 + 38))?
48
What is -3 - (2 - 16 - 5 - 8 - -11)?
13
Evaluate (-105 - 36 - -84) + (2 - (-2 - -5)).
-58
What is -3 + (12 + 2 - (33 + -5)) + 13?
-4
What is the value of -15 + 1 + (169 - 191 - (-139 + 3))?
100
Evaluate -31 - (22 + -10 + -1 - 24).
-18
What is the value of (17 - 48 - -19) + 11 + -1 + (6 - 6)?
-2
What is the value of -18 + 25 + 18 - 3?
22
What is (-20 - -31 - 30) + 31 - (-2 - (0 - 0))?
14
Evaluate (29 + -150 - -86) + 46 - (-124 + 1).
134
Evaluate 42 - 26 - 21 - (-56 - 0).
51
What is the value of -12 + -2 + (-23 - -11) + 14?
-12
(335 - 62) + -282 - (-1 - 0 - -66)
-74
Evaluate -16 - -9 - -6 - (-104 - (10 + -3)).
110
Calculate -64 - (-81 - (55 + -110)).
-38
Evaluate -55 + -17 + -120 + 310.
118
Evaluate -26 + (109 - 48) + -49.
-14
What is 28 - (50 + 15) - (-25 - 1)?
-11
What is 8 + (-1 - -1) - (53 - (-181 + 267))?
41
Evaluate ((-34 - (-9 - -5)) + 1 - -14) + -3 + 34.
16
What is the value of -23 - ((5 + -20 - -13) + 6 + -2)?
-25
-16 + (3 - (-9 + 34)) + 3
-35
What is (-36 - (-3 - (15 - -5))) + 54?
41
45 - ((-44 + 16 - -23) + -14 + 1)
63
What is the value of -66 - (40 + -43 - 113)?
50
What is the value of 169 + (-31 - (20 + 10))?
108
Evaluate (-124 - (-14 - -21 - 15)) + -3 + 5 + -3.
-117
Calculate (44 - 7) + -13 - 25 - ((-114 - -2) + -1).
112
What is 26 + -12 + 27 + -31 + 0?
10
Evaluate -36 - (-62 - -15) - 22.
-11
What is (-19 - -13) + 27 - (-26 - (-7 + 11))?
51
83 + 26 + -48 - 25
36
Evaluate -26 + 40 + -41 - (6 - 3 - (5 + 2)).
-23
Calculate 310 - (205 - -112) - ((56 - 3) + 0 + 0).
-60
Calculate (-10 - (20 + (-105 - -32))) + 2 + -1.
44
What is the value of 7 + -45 + (-40 - -36) + 2?
-40
Calculate (16 - 14 - 6) + 24 + -18 + 10.
12
Evaluate -11 - (-1 - 67 - (10 - (21 + -1))).
47
Evaluate -23 - -20 - ((4 - -1 - -4) + 0 + 2).
-14
(85 - 8) + 0 + -218 + 239
98
Evaluate 90 - (-29 + 96 + -52).
75
Evaluate -8 + (-2 - -18) + 0 - (6 + -6 - -61).
-53
Evaluate -85 + (5 - (-21 + 21 - (10 + (-2 - -3)))).
-69
What is the value of -42 - (13 + -56 + -6)?
7
Calculate 52 - (-1 + -1 - (-101 + (174 - 81))).
46
What is the value of (-2 + 1 - (182 - 188)) + (44 - (2 + -3))?
50
170 + -168 + -20 + 1 + 2 + -4
-19
Calculate 22 - ((7 - 1) + -43 + (73 - 24)).
10
What is (-14 - (-2 + 2 - 10)) + (8 - 2) + -68?
-66
-86 - (-84 - (-76 + 67))
-11
Evaluate (0 + -4 - (4 + -8) - (181 - 186)) + -75.
-70
Evaluate -19 + -41 - -60 - (-36 - (0 - 3 - 0)).
33
Evaluate 52 + (-27 - (-2 + -11)) + (0 - 0).
38
Calculate 170 - 165 - (-22 - -52 - (1 + -4)).
-28
What is the value of (21 - 12) + -50 - -7?
-34
What is the value of (8 - 15 - -13) + -1 + 19 + (6 - 14)?
16
Evaluate (-10 - -103) + -89 + 94.
98
(24 - 37) + (15 - 52)
-50
What is the value of 7 + (-29 - (-1 - -1) - (11 + 39 + -42))?
-30
What is -14 - (-5 + (-5 - (-1 - 12 - -57)))?
40
Evaluate -10 - (13 - -1 - (-34 + 57)).
-1
What is (-7 + 1 - (9 - (72 - (24 - 48)))) + -8?
73
-2 - (-31 + -63 + 106) - (-3 + 2 - -23)
-36
-7 + -13 - (-1 + -6 + (1 - -5 - 5))
-14
-10 - -2 - (-8 - 1 - (-39 - -32))
-6
Evaluate 39 + 33 + -23 + -16 + 1.
34
What is the value of -51 - (24 - (0 - 17) - 227)?
135
Evaluate (-5 - -6) + (4 + -6 - -1) + 54 + -10.
44
-25 - (16 + -39 - 20)
18
What is (11 - -3) + -120 + (-23 - -100)?
-29
2 - (-93 + 1) - (0 + (-33 - (-1 + -30)))
96
Calculate (50 - 97 - -11) + 51.
15
Evaluate (14 - (2 - 3)) + (31 - 46) + (1 - -16).
17
Evaluate 386 + -380 + (0 - 57).
-51
What is -26 + -52 + 17 + 10 + 10?
-41
Calculate 0 + 48 + (-609 - -566).
5
-52 + 13 + 23 + -42 + 11 - (1 - -11)
-59
Evaluate 11 + -6 + 9 - 24 - (-17 - 0).
7
Evaluate 4 - -28 - (-14 + (-14 - -34)).
26
What is the value of (20 - 51 - -143) + -42?
70
16 - -7 - (-156 - -207)
-28
(-12 - -5) + -24 + -1 + -7 + 5
-34
-1 - (51 + -81 - (8 + (-1 - 4)))
32
What is the value of (2811 - 2789) + (17 - -5)?
44
What is the value of -274 + 230 + (3 - -11)?
-30
Evaluate (2 - -17) + (61 - 71) + 45.
54
-7 + 12 + (3 - -10) - 52
-34
Calculate -6 - 1 - (81 - 87 - -26).
-27
Evaluate 3 + 11 - (-26 + 33) - (-9 + 1).
15
Calculate 2 + -32 + 0 + 846 + -857 + 3 + 7.
-31
Calculate 12 + -15 + 6 - -3 - -34 - (-1 + 9).
32
What is 4 + (1 - 5 - ((-48 - 22) + 38))?
32
Calculate (-10 + (25 - (10 - (-4 - -4))) - -2) + -1.
6
What is 24 + -16 + (3 - -5 - 57)?
-41
Evaluate 128 + -183 - (-40 - -3) - (7 + (0 - 1)).
-24
10 - 13 - (-40 + 38 + (-34 - (1 + 0)))
34
Evaluate -13 - ((6 + -47 - -78) + 44).
-94
What is the value of -4 + 38 + -11 + 15 + 13?
51
What is the value of 29 + -4 + 92 + (-4 - (13 + 10))?
90
What is the value of -74 + 0 - (3718 - 3729 - (-8 + (1 - 0)))?
-70
What is the value of -3 - (-40 + 56 + (-7 - (0 + 1)))?
-11
Calculate -8 + 1